{"id":99,"date":"2025-08-03T18:48:34","date_gmt":"2025-08-03T18:48:34","guid":{"rendered":"https:\/\/tienda.arkenco.net\/?page_id=99"},"modified":"2025-08-04T12:59:52","modified_gmt":"2025-08-04T12:59:52","slug":"inicio","status":"publish","type":"page","link":"https:\/\/tienda.arkenco.net\/","title":{"rendered":"Inicio"},"content":{"rendered":"\t\t<div data-elementor-type=\"wp-page\" data-elementor-id=\"99\" class=\"elementor elementor-99\" data-elementor-post-type=\"page\">\n\t\t\t\t\t\t<section class=\"elementor-section elementor-top-section elementor-element elementor-element-6f829e6b elementor-section-full_width elementor-section-height-min-height elementor-section-height-default elementor-section-items-middle\" data-id=\"6f829e6b\" data-element_type=\"section\" data-e-type=\"section\" data-settings=\"{&quot;background_background&quot;:&quot;classic&quot;}\">\n\t\t\t\t\t\t\t<div class=\"elementor-background-overlay\"><\/div>\n\t\t\t\t\t\t\t<div class=\"elementor-container elementor-column-gap-no\">\n\t\t\t\t\t<div class=\"elementor-column elementor-col-100 elementor-top-column elementor-element elementor-element-ac15271\" data-id=\"ac15271\" data-element_type=\"column\" data-e-type=\"column\">\n\t\t\t<div class=\"elementor-widget-wrap elementor-element-populated\">\n\t\t\t\t\t\t<div class=\"elementor-element elementor-element-5c2ec22d elementor-widget elementor-widget-heading\" data-id=\"5c2ec22d\" data-element_type=\"widget\" data-e-type=\"widget\" data-widget_type=\"heading.default\">\n\t\t\t\t\t<h2 class=\"elementor-heading-title elementor-size-default\">Lleva Arkenco contigo<\/h2>\t\t\t\t<\/div>\n\t\t\t\t<div class=\"elementor-element elementor-element-fa0c822 elementor-widget elementor-widget-text-editor\" data-id=\"fa0c822\" data-element_type=\"widget\" data-e-type=\"widget\" data-widget_type=\"text-editor.default\">\n\t\t\t\t\t\t\t\t\t<p>Ropa y accesorios dise\u00f1ados para quienes piensan en grande, se mueven r\u00e1pido y construyen el futuro.<br data-start=\"330\" data-end=\"333\" \/>Explora nuestra colecci\u00f3n oficial.<\/p>\t\t\t\t\t\t\t\t<\/div>\n\t\t\t\t<div class=\"elementor-element elementor-element-58a5f0d1 elementor-align-center elementor-widget elementor-widget-button\" data-id=\"58a5f0d1\" data-element_type=\"widget\" data-e-type=\"widget\" data-widget_type=\"button.default\">\n\t\t\t\t\t\t\t\t\t\t<a class=\"elementor-button elementor-button-link elementor-size-md\" href=\"https:\/\/tienda.arkenco.net\/?page_id=8\">\n\t\t\t\t\t\t<span class=\"elementor-button-content-wrapper\">\n\t\t\t\t\t\t\t\t\t<span class=\"elementor-button-text\">Ver productos<\/span>\n\t\t\t\t\t<\/span>\n\t\t\t\t\t<\/a>\n\t\t\t\t\t\t\t\t<\/div>\n\t\t\t\t\t<\/div>\n\t\t<\/div>\n\t\t\t\t\t<\/div>\n\t\t<\/section>\n\t\t<div class=\"elementor-element elementor-element-62248d5 e-flex e-con-boxed e-con e-parent\" data-id=\"62248d5\" data-element_type=\"container\" data-e-type=\"container\">\n\t\t\t\t\t<div class=\"e-con-inner\">\n\t\t<div class=\"elementor-element elementor-element-79d906b e-con-full e-flex e-con e-child\" data-id=\"79d906b\" data-element_type=\"container\" data-e-type=\"container\">\n\t\t\t\t<div class=\"elementor-element elementor-element-a010dac elementor-widget elementor-widget-heading\" data-id=\"a010dac\" data-element_type=\"widget\" data-e-type=\"widget\" data-widget_type=\"heading.default\">\n\t\t\t\t\t<h2 class=\"elementor-heading-title elementor-size-default\">Lo mejor de Arkenco para tu d\u00eda a d\u00eda<\/h2>\t\t\t\t<\/div>\n\t\t\t\t<div class=\"elementor-element elementor-element-b19e53c elementor-widget elementor-widget-text-editor\" data-id=\"b19e53c\" data-element_type=\"widget\" data-e-type=\"widget\" data-widget_type=\"text-editor.default\">\n\t\t\t\t\t\t\t\t\t<p>Seleccionamos nuestras prendas y accesorios m\u00e1s populares para que representes la marca con estilo, comodidad y actitud.<\/p>\t\t\t\t\t\t\t\t<\/div>\n\t\t\t\t<\/div>\n\t\t<div class=\"elementor-element elementor-element-ef50f1e e-con-full e-flex e-con e-child\" data-id=\"ef50f1e\" data-element_type=\"container\" data-e-type=\"container\">\n\t\t\t\t<div class=\"elementor-element elementor-element-b780a48 elementor-align-center elementor-widget elementor-widget-button\" data-id=\"b780a48\" data-element_type=\"widget\" data-e-type=\"widget\" data-widget_type=\"button.default\">\n\t\t\t\t\t\t\t\t\t\t<a class=\"elementor-button elementor-button-link elementor-size-md\" href=\"https:\/\/tienda.arkenco.net\/?page_id=8\">\n\t\t\t\t\t\t<span class=\"elementor-button-content-wrapper\">\n\t\t\t\t\t\t\t\t\t<span class=\"elementor-button-text\">Visitar tienda<\/span>\n\t\t\t\t\t<\/span>\n\t\t\t\t\t<\/a>\n\t\t\t\t\t\t\t\t<\/div>\n\t\t\t\t<\/div>\n\t\t\t\t\t<\/div>\n\t\t\t\t<\/div>\n\t\t<div class=\"elementor-element elementor-element-7eb7de1 e-flex e-con-boxed e-con e-parent\" data-id=\"7eb7de1\" data-element_type=\"container\" data-e-type=\"container\">\n\t\t\t\t\t<div class=\"e-con-inner\">\n\t\t\t\t<div class=\"elementor-element elementor-element-d12b9a9 elementor-grid-3 elementor-grid-tablet-3 elementor-grid-mobile-2 elementor-products-grid elementor-wc-products elementor-widget elementor-widget-woocommerce-products\" data-id=\"d12b9a9\" data-element_type=\"widget\" data-e-type=\"widget\" data-widget_type=\"woocommerce-products.default\">\n\t\t\t\t<div class=\"elementor-widget-container\">\n\t\t\t\t\t<div class=\"woocommerce columns-3 \"><ul class=\"products elementor-grid columns-3\">\n<li class=\"product type-product post-73 status-publish first instock product_cat-bolsos has-post-thumbnail shipping-taxable purchasable product-type-simple\">\n\t<a href=\"https:\/\/tienda.arkenco.net\/?product=bolso-arkenco\" class=\"woocommerce-LoopProduct-link woocommerce-loop-product__link\"><img fetchpriority=\"high\" decoding=\"async\" width=\"300\" height=\"300\" src=\"https:\/\/tienda.arkenco.net\/wp-content\/uploads\/2025\/08\/5-300x300.png\" class=\"attachment-woocommerce_thumbnail size-woocommerce_thumbnail\" alt=\"Bolso Arkenco\" srcset=\"https:\/\/tienda.arkenco.net\/wp-content\/uploads\/2025\/08\/5-300x300.png 300w, https:\/\/tienda.arkenco.net\/wp-content\/uploads\/2025\/08\/5-150x150.png 150w, https:\/\/tienda.arkenco.net\/wp-content\/uploads\/2025\/08\/5-768x768.png 768w, https:\/\/tienda.arkenco.net\/wp-content\/uploads\/2025\/08\/5-600x600.png 600w, https:\/\/tienda.arkenco.net\/wp-content\/uploads\/2025\/08\/5-100x100.png 100w, https:\/\/tienda.arkenco.net\/wp-content\/uploads\/2025\/08\/5.png 1024w\" sizes=\"(max-width: 300px) 100vw, 300px\" \/><h2 class=\"woocommerce-loop-product__title\">Bolso Arkenco<\/h2>\n\t<span class=\"price\"><span class=\"woocommerce-Price-amount amount\"><bdi><span class=\"woocommerce-Price-currencySymbol\">&#36;<\/span>16.990<\/bdi><\/span><\/span>\n<\/a><a href=\"\/index.php?rest_route=%2Fwp%2Fv2%2Fpages%2F99&#038;add-to-cart=73\" aria-describedby=\"woocommerce_loop_add_to_cart_link_describedby_73\" data-quantity=\"1\" class=\"button product_type_simple add_to_cart_button ajax_add_to_cart\" data-product_id=\"73\" data-product_sku=\"\" aria-label=\"Add to cart: &ldquo;Bolso Arkenco&rdquo;\" rel=\"nofollow\" data-success_message=\"&ldquo;Bolso Arkenco&rdquo; has been added to your cart\" role=\"button\">Add to cart<\/a>\t<span id=\"woocommerce_loop_add_to_cart_link_describedby_73\" class=\"screen-reader-text\">\n\t\t\t<\/span>\n<\/li>\n<li class=\"product type-product post-72 status-publish instock product_cat-jockeys has-post-thumbnail shipping-taxable purchasable product-type-simple\">\n\t<a href=\"https:\/\/tienda.arkenco.net\/?product=jockey-arkenco\" class=\"woocommerce-LoopProduct-link woocommerce-loop-product__link\"><img decoding=\"async\" width=\"300\" height=\"300\" src=\"https:\/\/tienda.arkenco.net\/wp-content\/uploads\/2025\/08\/3-300x300.png\" class=\"attachment-woocommerce_thumbnail size-woocommerce_thumbnail\" alt=\"Jockey Arkenco\" srcset=\"https:\/\/tienda.arkenco.net\/wp-content\/uploads\/2025\/08\/3-300x300.png 300w, https:\/\/tienda.arkenco.net\/wp-content\/uploads\/2025\/08\/3-150x150.png 150w, https:\/\/tienda.arkenco.net\/wp-content\/uploads\/2025\/08\/3-768x768.png 768w, https:\/\/tienda.arkenco.net\/wp-content\/uploads\/2025\/08\/3-600x600.png 600w, https:\/\/tienda.arkenco.net\/wp-content\/uploads\/2025\/08\/3-100x100.png 100w, https:\/\/tienda.arkenco.net\/wp-content\/uploads\/2025\/08\/3.png 1024w\" sizes=\"(max-width: 300px) 100vw, 300px\" \/><h2 class=\"woocommerce-loop-product__title\">Jockey Arkenco<\/h2>\n\t<span class=\"price\"><span class=\"woocommerce-Price-amount amount\"><bdi><span class=\"woocommerce-Price-currencySymbol\">&#36;<\/span>9.990<\/bdi><\/span><\/span>\n<\/a><a href=\"\/index.php?rest_route=%2Fwp%2Fv2%2Fpages%2F99&#038;add-to-cart=72\" aria-describedby=\"woocommerce_loop_add_to_cart_link_describedby_72\" data-quantity=\"1\" class=\"button product_type_simple add_to_cart_button ajax_add_to_cart\" data-product_id=\"72\" data-product_sku=\"\" aria-label=\"Add to cart: &ldquo;Jockey Arkenco&rdquo;\" rel=\"nofollow\" data-success_message=\"&ldquo;Jockey Arkenco&rdquo; has been added to your cart\" role=\"button\">Add to cart<\/a>\t<span id=\"woocommerce_loop_add_to_cart_link_describedby_72\" class=\"screen-reader-text\">\n\t\t\t<\/span>\n<\/li>\n<li class=\"product type-product post-71 status-publish last instock product_cat-pantalones has-post-thumbnail shipping-taxable purchasable product-type-simple\">\n\t<a href=\"https:\/\/tienda.arkenco.net\/?product=pantalon-arkenco\" class=\"woocommerce-LoopProduct-link woocommerce-loop-product__link\"><img decoding=\"async\" width=\"300\" height=\"300\" src=\"https:\/\/tienda.arkenco.net\/wp-content\/uploads\/2025\/08\/Diseno-sin-titulo-1-300x300.png\" class=\"attachment-woocommerce_thumbnail size-woocommerce_thumbnail\" alt=\"Pantal\u00f3n Arkenco\" srcset=\"https:\/\/tienda.arkenco.net\/wp-content\/uploads\/2025\/08\/Diseno-sin-titulo-1-300x300.png 300w, https:\/\/tienda.arkenco.net\/wp-content\/uploads\/2025\/08\/Diseno-sin-titulo-1-150x150.png 150w, https:\/\/tienda.arkenco.net\/wp-content\/uploads\/2025\/08\/Diseno-sin-titulo-1-768x768.png 768w, https:\/\/tienda.arkenco.net\/wp-content\/uploads\/2025\/08\/Diseno-sin-titulo-1-600x600.png 600w, https:\/\/tienda.arkenco.net\/wp-content\/uploads\/2025\/08\/Diseno-sin-titulo-1-100x100.png 100w, https:\/\/tienda.arkenco.net\/wp-content\/uploads\/2025\/08\/Diseno-sin-titulo-1.png 1024w\" sizes=\"(max-width: 300px) 100vw, 300px\" \/><h2 class=\"woocommerce-loop-product__title\">Pantal\u00f3n Arkenco<\/h2>\n\t<span class=\"price\"><span class=\"woocommerce-Price-amount amount\"><bdi><span class=\"woocommerce-Price-currencySymbol\">&#36;<\/span>14.990<\/bdi><\/span><\/span>\n<\/a><a href=\"\/index.php?rest_route=%2Fwp%2Fv2%2Fpages%2F99&#038;add-to-cart=71\" aria-describedby=\"woocommerce_loop_add_to_cart_link_describedby_71\" data-quantity=\"1\" class=\"button product_type_simple add_to_cart_button ajax_add_to_cart\" data-product_id=\"71\" data-product_sku=\"\" aria-label=\"Add to cart: &ldquo;Pantal\u00f3n Arkenco&rdquo;\" rel=\"nofollow\" data-success_message=\"&ldquo;Pantal\u00f3n Arkenco&rdquo; has been added to your cart\" role=\"button\">Add to cart<\/a>\t<span id=\"woocommerce_loop_add_to_cart_link_describedby_71\" class=\"screen-reader-text\">\n\t\t\t<\/span>\n<\/li>\n<li class=\"product type-product post-70 status-publish first instock product_cat-poleras has-post-thumbnail shipping-taxable purchasable product-type-simple\">\n\t<a href=\"https:\/\/tienda.arkenco.net\/?product=polera-arkenco\" class=\"woocommerce-LoopProduct-link woocommerce-loop-product__link\"><img loading=\"lazy\" decoding=\"async\" width=\"300\" height=\"300\" src=\"https:\/\/tienda.arkenco.net\/wp-content\/uploads\/2025\/08\/2-300x300.png\" class=\"attachment-woocommerce_thumbnail size-woocommerce_thumbnail\" alt=\"Polera Arkenco\" srcset=\"https:\/\/tienda.arkenco.net\/wp-content\/uploads\/2025\/08\/2-300x300.png 300w, https:\/\/tienda.arkenco.net\/wp-content\/uploads\/2025\/08\/2-150x150.png 150w, https:\/\/tienda.arkenco.net\/wp-content\/uploads\/2025\/08\/2-768x768.png 768w, https:\/\/tienda.arkenco.net\/wp-content\/uploads\/2025\/08\/2-600x600.png 600w, https:\/\/tienda.arkenco.net\/wp-content\/uploads\/2025\/08\/2-100x100.png 100w, https:\/\/tienda.arkenco.net\/wp-content\/uploads\/2025\/08\/2.png 1024w\" sizes=\"(max-width: 300px) 100vw, 300px\" \/><h2 class=\"woocommerce-loop-product__title\">Polera Arkenco<\/h2>\n\t<span class=\"price\"><span class=\"woocommerce-Price-amount amount\"><bdi><span class=\"woocommerce-Price-currencySymbol\">&#36;<\/span>12.990<\/bdi><\/span><\/span>\n<\/a><a href=\"\/index.php?rest_route=%2Fwp%2Fv2%2Fpages%2F99&#038;add-to-cart=70\" aria-describedby=\"woocommerce_loop_add_to_cart_link_describedby_70\" data-quantity=\"1\" class=\"button product_type_simple add_to_cart_button ajax_add_to_cart\" data-product_id=\"70\" data-product_sku=\"\" aria-label=\"Add to cart: &ldquo;Polera Arkenco&rdquo;\" rel=\"nofollow\" data-success_message=\"&ldquo;Polera Arkenco&rdquo; has been added to your cart\" role=\"button\">Add to cart<\/a>\t<span id=\"woocommerce_loop_add_to_cart_link_describedby_70\" class=\"screen-reader-text\">\n\t\t\t<\/span>\n<\/li>\n<li class=\"product type-product post-69 status-publish instock product_cat-polerones has-post-thumbnail shipping-taxable purchasable product-type-simple\">\n\t<a href=\"https:\/\/tienda.arkenco.net\/?product=poleron-arkenco\" class=\"woocommerce-LoopProduct-link woocommerce-loop-product__link\"><img loading=\"lazy\" decoding=\"async\" width=\"300\" height=\"300\" src=\"https:\/\/tienda.arkenco.net\/wp-content\/uploads\/2025\/08\/1-300x300.png\" class=\"attachment-woocommerce_thumbnail size-woocommerce_thumbnail\" alt=\"Poler\u00f3n Arkenco\" srcset=\"https:\/\/tienda.arkenco.net\/wp-content\/uploads\/2025\/08\/1-300x300.png 300w, https:\/\/tienda.arkenco.net\/wp-content\/uploads\/2025\/08\/1-150x150.png 150w, https:\/\/tienda.arkenco.net\/wp-content\/uploads\/2025\/08\/1-768x768.png 768w, https:\/\/tienda.arkenco.net\/wp-content\/uploads\/2025\/08\/1-600x600.png 600w, https:\/\/tienda.arkenco.net\/wp-content\/uploads\/2025\/08\/1-100x100.png 100w, https:\/\/tienda.arkenco.net\/wp-content\/uploads\/2025\/08\/1.png 1024w\" sizes=\"(max-width: 300px) 100vw, 300px\" \/><h2 class=\"woocommerce-loop-product__title\">Poler\u00f3n Arkenco<\/h2>\n\t<span class=\"price\"><span class=\"woocommerce-Price-amount amount\"><bdi><span class=\"woocommerce-Price-currencySymbol\">&#36;<\/span>22.990<\/bdi><\/span><\/span>\n<\/a><a href=\"\/index.php?rest_route=%2Fwp%2Fv2%2Fpages%2F99&#038;add-to-cart=69\" aria-describedby=\"woocommerce_loop_add_to_cart_link_describedby_69\" data-quantity=\"1\" class=\"button product_type_simple add_to_cart_button ajax_add_to_cart\" data-product_id=\"69\" data-product_sku=\"\" aria-label=\"Add to cart: &ldquo;Poler\u00f3n Arkenco&rdquo;\" rel=\"nofollow\" data-success_message=\"&ldquo;Poler\u00f3n Arkenco&rdquo; has been added to your cart\" role=\"button\">Add to cart<\/a>\t<span id=\"woocommerce_loop_add_to_cart_link_describedby_69\" class=\"screen-reader-text\">\n\t\t\t<\/span>\n<\/li>\n<li class=\"product type-product post-14 status-publish last instock product_cat-uncategorized shipping-taxable purchasable product-type-simple\">\n\t<a href=\"https:\/\/tienda.arkenco.net\/?product=producto-prueba\" class=\"woocommerce-LoopProduct-link woocommerce-loop-product__link\"><img loading=\"lazy\" decoding=\"async\" width=\"300\" height=\"300\" src=\"https:\/\/tienda.arkenco.net\/wp-content\/uploads\/woocommerce-placeholder-300x300.png\" class=\"woocommerce-placeholder wp-post-image\" alt=\"Placeholder\" srcset=\"https:\/\/tienda.arkenco.net\/wp-content\/uploads\/woocommerce-placeholder-300x300.png 300w, https:\/\/tienda.arkenco.net\/wp-content\/uploads\/woocommerce-placeholder-100x100.png 100w, https:\/\/tienda.arkenco.net\/wp-content\/uploads\/woocommerce-placeholder-600x600.png 600w, https:\/\/tienda.arkenco.net\/wp-content\/uploads\/woocommerce-placeholder-1024x1024.png 1024w, https:\/\/tienda.arkenco.net\/wp-content\/uploads\/woocommerce-placeholder-150x150.png 150w, https:\/\/tienda.arkenco.net\/wp-content\/uploads\/woocommerce-placeholder-768x768.png 768w, https:\/\/tienda.arkenco.net\/wp-content\/uploads\/woocommerce-placeholder.png 1200w\" sizes=\"(max-width: 300px) 100vw, 300px\" \/><h2 class=\"woocommerce-loop-product__title\">Producto prueba<\/h2>\n\t<span class=\"price\"><span class=\"woocommerce-Price-amount amount\"><bdi><span class=\"woocommerce-Price-currencySymbol\">&#36;<\/span>10.000<\/bdi><\/span><\/span>\n<\/a><a href=\"\/index.php?rest_route=%2Fwp%2Fv2%2Fpages%2F99&#038;add-to-cart=14\" aria-describedby=\"woocommerce_loop_add_to_cart_link_describedby_14\" data-quantity=\"1\" class=\"button product_type_simple add_to_cart_button ajax_add_to_cart\" data-product_id=\"14\" data-product_sku=\"\" aria-label=\"Add to cart: &ldquo;Producto prueba&rdquo;\" rel=\"nofollow\" data-success_message=\"&ldquo;Producto prueba&rdquo; has been added to your cart\" role=\"button\">Add to cart<\/a>\t<span id=\"woocommerce_loop_add_to_cart_link_describedby_14\" class=\"screen-reader-text\">\n\t\t\t<\/span>\n<\/li>\n<\/ul>\n<\/div>\t\t\t\t<\/div>\n\t\t\t\t<\/div>\n\t\t\t\t\t<\/div>\n\t\t\t\t<\/div>\n\t\t<div class=\"elementor-element elementor-element-c7bafef e-flex e-con-boxed e-con e-parent\" data-id=\"c7bafef\" data-element_type=\"container\" data-e-type=\"container\">\n\t\t\t\t\t<div class=\"e-con-inner\">\n\t\t<div class=\"elementor-element elementor-element-f76ccb9 e-con-full e-flex e-con e-child\" data-id=\"f76ccb9\" data-element_type=\"container\" data-e-type=\"container\">\n\t\t\t\t<div class=\"elementor-element elementor-element-3c705c2 elementor-widget elementor-widget-heading\" data-id=\"3c705c2\" data-element_type=\"widget\" data-e-type=\"widget\" data-widget_type=\"heading.default\">\n\t\t\t\t\t<h2 class=\"elementor-heading-title elementor-size-default\">Compra con confianza<\/h2>\t\t\t\t<\/div>\n\t\t\t\t<div class=\"elementor-element elementor-element-6cf93d7 elementor-widget elementor-widget-text-editor\" data-id=\"6cf93d7\" data-element_type=\"widget\" data-e-type=\"widget\" data-widget_type=\"text-editor.default\">\n\t\t\t\t\t\t\t\t\t<p><strong data-start=\"165\" data-end=\"229\">Transacciones seguras, env\u00edos r\u00e1pidos y respaldo garantizado<\/strong><br data-start=\"229\" data-end=\"232\" \/>En Arkenco cuidamos cada detalle de tu experiencia. Conoce nuestros beneficios:<\/p>\t\t\t\t\t\t\t\t<\/div>\n\t\t\t\t<\/div>\n\t\t<div class=\"elementor-element elementor-element-ab1ea33 e-con-full e-flex e-con e-child\" data-id=\"ab1ea33\" data-element_type=\"container\" data-e-type=\"container\">\n\t\t\t\t<div class=\"elementor-element elementor-element-96febb7 elementor-icon-list--layout-traditional elementor-list-item-link-full_width elementor-widget elementor-widget-icon-list\" data-id=\"96febb7\" data-element_type=\"widget\" data-e-type=\"widget\" data-widget_type=\"icon-list.default\">\n\t\t\t\t\t\t\t<ul class=\"elementor-icon-list-items\">\n\t\t\t\t\t\t\t<li class=\"elementor-icon-list-item\">\n\t\t\t\t\t\t\t\t\t\t\t<span class=\"elementor-icon-list-icon\">\n\t\t\t\t\t\t\t<svg aria-hidden=\"true\" class=\"e-font-icon-svg e-fas-money-check\" viewBox=\"0 0 640 512\" xmlns=\"http:\/\/www.w3.org\/2000\/svg\"><path d=\"M0 448c0 17.67 14.33 32 32 32h576c17.67 0 32-14.33 32-32V128H0v320zm448-208c0-8.84 7.16-16 16-16h96c8.84 0 16 7.16 16 16v32c0 8.84-7.16 16-16 16h-96c-8.84 0-16-7.16-16-16v-32zm0 120c0-4.42 3.58-8 8-8h112c4.42 0 8 3.58 8 8v16c0 4.42-3.58 8-8 8H456c-4.42 0-8-3.58-8-8v-16zM64 264c0-4.42 3.58-8 8-8h304c4.42 0 8 3.58 8 8v16c0 4.42-3.58 8-8 8H72c-4.42 0-8-3.58-8-8v-16zm0 96c0-4.42 3.58-8 8-8h176c4.42 0 8 3.58 8 8v16c0 4.42-3.58 8-8 8H72c-4.42 0-8-3.58-8-8v-16zM624 32H16C7.16 32 0 39.16 0 48v48h640V48c0-8.84-7.16-16-16-16z\"><\/path><\/svg>\t\t\t\t\t\t<\/span>\n\t\t\t\t\t\t\t\t\t\t<span class=\"elementor-icon-list-text\"> Medios de pago<\/span>\n\t\t\t\t\t\t\t\t\t<\/li>\n\t\t\t\t\t\t<\/ul>\n\t\t\t\t\t\t<\/div>\n\t\t\t\t<div class=\"elementor-element elementor-element-50af76b elementor-widget elementor-widget-text-editor\" data-id=\"50af76b\" data-element_type=\"widget\" data-e-type=\"widget\" data-widget_type=\"text-editor.default\">\n\t\t\t\t\t\t\t\t\t<p>Paga con tarjetas de d\u00e9bito, cr\u00e9dito, transferencia bancaria o billeteras digitales.<\/p>\t\t\t\t\t\t\t\t<\/div>\n\t\t\t\t<div class=\"elementor-element elementor-element-0df2ca3 elementor-icon-list--layout-traditional elementor-list-item-link-full_width elementor-widget elementor-widget-icon-list\" data-id=\"0df2ca3\" data-element_type=\"widget\" data-e-type=\"widget\" data-widget_type=\"icon-list.default\">\n\t\t\t\t\t\t\t<ul class=\"elementor-icon-list-items\">\n\t\t\t\t\t\t\t<li class=\"elementor-icon-list-item\">\n\t\t\t\t\t\t\t\t\t\t\t<span class=\"elementor-icon-list-icon\">\n\t\t\t\t\t\t\t<svg aria-hidden=\"true\" class=\"e-font-icon-svg e-fas-truck\" viewBox=\"0 0 640 512\" xmlns=\"http:\/\/www.w3.org\/2000\/svg\"><path d=\"M624 352h-16V243.9c0-12.7-5.1-24.9-14.1-33.9L494 110.1c-9-9-21.2-14.1-33.9-14.1H416V48c0-26.5-21.5-48-48-48H48C21.5 0 0 21.5 0 48v320c0 26.5 21.5 48 48 48h16c0 53 43 96 96 96s96-43 96-96h128c0 53 43 96 96 96s96-43 96-96h48c8.8 0 16-7.2 16-16v-32c0-8.8-7.2-16-16-16zM160 464c-26.5 0-48-21.5-48-48s21.5-48 48-48 48 21.5 48 48-21.5 48-48 48zm320 0c-26.5 0-48-21.5-48-48s21.5-48 48-48 48 21.5 48 48-21.5 48-48 48zm80-208H416V144h44.1l99.9 99.9V256z\"><\/path><\/svg>\t\t\t\t\t\t<\/span>\n\t\t\t\t\t\t\t\t\t\t<span class=\"elementor-icon-list-text\">Tiempos de despacho<\/span>\n\t\t\t\t\t\t\t\t\t<\/li>\n\t\t\t\t\t\t<\/ul>\n\t\t\t\t\t\t<\/div>\n\t\t\t\t<div class=\"elementor-element elementor-element-8e4e53c elementor-widget elementor-widget-text-editor\" data-id=\"8e4e53c\" data-element_type=\"widget\" data-e-type=\"widget\" data-widget_type=\"text-editor.default\">\n\t\t\t\t\t\t\t\t\t<p>Env\u00edos a todo Chile entre 2 a 5 d\u00edas h\u00e1biles. Seguimiento disponible.<\/p>\t\t\t\t\t\t\t\t<\/div>\n\t\t\t\t<div class=\"elementor-element elementor-element-698917d elementor-icon-list--layout-traditional elementor-list-item-link-full_width elementor-widget elementor-widget-icon-list\" data-id=\"698917d\" data-element_type=\"widget\" data-e-type=\"widget\" data-widget_type=\"icon-list.default\">\n\t\t\t\t\t\t\t<ul class=\"elementor-icon-list-items\">\n\t\t\t\t\t\t\t<li class=\"elementor-icon-list-item\">\n\t\t\t\t\t\t\t\t\t\t\t<span class=\"elementor-icon-list-icon\">\n\t\t\t\t\t\t\t<svg aria-hidden=\"true\" class=\"e-font-icon-svg e-fas-award\" viewBox=\"0 0 384 512\" xmlns=\"http:\/\/www.w3.org\/2000\/svg\"><path d=\"M97.12 362.63c-8.69-8.69-4.16-6.24-25.12-11.85-9.51-2.55-17.87-7.45-25.43-13.32L1.2 448.7c-4.39 10.77 3.81 22.47 15.43 22.03l52.69-2.01L105.56 507c8 8.44 22.04 5.81 26.43-4.96l52.05-127.62c-10.84 6.04-22.87 9.58-35.31 9.58-19.5 0-37.82-7.59-51.61-21.37zM382.8 448.7l-45.37-111.24c-7.56 5.88-15.92 10.77-25.43 13.32-21.07 5.64-16.45 3.18-25.12 11.85-13.79 13.78-32.12 21.37-51.62 21.37-12.44 0-24.47-3.55-35.31-9.58L252 502.04c4.39 10.77 18.44 13.4 26.43 4.96l36.25-38.28 52.69 2.01c11.62.44 19.82-11.27 15.43-22.03zM263 340c15.28-15.55 17.03-14.21 38.79-20.14 13.89-3.79 24.75-14.84 28.47-28.98 7.48-28.4 5.54-24.97 25.95-45.75 10.17-10.35 14.14-25.44 10.42-39.58-7.47-28.38-7.48-24.42 0-52.83 3.72-14.14-.25-29.23-10.42-39.58-20.41-20.78-18.47-17.36-25.95-45.75-3.72-14.14-14.58-25.19-28.47-28.98-27.88-7.61-24.52-5.62-44.95-26.41-10.17-10.35-25-14.4-38.89-10.61-27.87 7.6-23.98 7.61-51.9 0-13.89-3.79-28.72.25-38.89 10.61-20.41 20.78-17.05 18.8-44.94 26.41-13.89 3.79-24.75 14.84-28.47 28.98-7.47 28.39-5.54 24.97-25.95 45.75-10.17 10.35-14.15 25.44-10.42 39.58 7.47 28.36 7.48 24.4 0 52.82-3.72 14.14.25 29.23 10.42 39.59 20.41 20.78 18.47 17.35 25.95 45.75 3.72 14.14 14.58 25.19 28.47 28.98C104.6 325.96 106.27 325 121 340c13.23 13.47 33.84 15.88 49.74 5.82a39.676 39.676 0 0 1 42.53 0c15.89 10.06 36.5 7.65 49.73-5.82zM97.66 175.96c0-53.03 42.24-96.02 94.34-96.02s94.34 42.99 94.34 96.02-42.24 96.02-94.34 96.02-94.34-42.99-94.34-96.02z\"><\/path><\/svg>\t\t\t\t\t\t<\/span>\n\t\t\t\t\t\t\t\t\t\t<span class=\"elementor-icon-list-text\"> Garant\u00eda asegurada<\/span>\n\t\t\t\t\t\t\t\t\t<\/li>\n\t\t\t\t\t\t<\/ul>\n\t\t\t\t\t\t<\/div>\n\t\t\t\t<div class=\"elementor-element elementor-element-37f4a08 elementor-widget elementor-widget-text-editor\" data-id=\"37f4a08\" data-element_type=\"widget\" data-e-type=\"widget\" data-widget_type=\"text-editor.default\">\n\t\t\t\t\t\t\t\t\t<p data-start=\"522\" data-end=\"628\">Tienes 10 d\u00edas para cambios y 3 meses de garant\u00eda en todos nuestros productos.<\/p>\t\t\t\t\t\t\t\t<\/div>\n\t\t\t\t<\/div>\n\t\t\t\t\t<\/div>\n\t\t\t\t<\/div>\n\t\t\t\t<\/div>\n\t\t","protected":false},"excerpt":{"rendered":"<p>Lleva Arkenco contigo Ropa y accesorios dise\u00f1ados para quienes piensan en grande, se mueven r\u00e1pido y construyen el futuro.Explora nuestra colecci\u00f3n oficial. Ver productos Lo mejor de Arkenco para tu d\u00eda a d\u00eda Seleccionamos nuestras prendas y accesorios m\u00e1s populares para que representes la marca con estilo, comodidad y actitud. Visitar tienda Compra con confianza [&hellip;]<\/p>\n","protected":false},"author":2,"featured_media":0,"parent":0,"menu_order":0,"comment_status":"closed","ping_status":"closed","template":"","meta":{"footnotes":""},"class_list":["post-99","page","type-page","status-publish","hentry"],"_links":{"self":[{"href":"https:\/\/tienda.arkenco.net\/index.php?rest_route=\/wp\/v2\/pages\/99","targetHints":{"allow":["GET"]}}],"collection":[{"href":"https:\/\/tienda.arkenco.net\/index.php?rest_route=\/wp\/v2\/pages"}],"about":[{"href":"https:\/\/tienda.arkenco.net\/index.php?rest_route=\/wp\/v2\/types\/page"}],"author":[{"embeddable":true,"href":"https:\/\/tienda.arkenco.net\/index.php?rest_route=\/wp\/v2\/users\/2"}],"replies":[{"embeddable":true,"href":"https:\/\/tienda.arkenco.net\/index.php?rest_route=%2Fwp%2Fv2%2Fcomments&post=99"}],"version-history":[{"count":16,"href":"https:\/\/tienda.arkenco.net\/index.php?rest_route=\/wp\/v2\/pages\/99\/revisions"}],"predecessor-version":[{"id":144,"href":"https:\/\/tienda.arkenco.net\/index.php?rest_route=\/wp\/v2\/pages\/99\/revisions\/144"}],"wp:attachment":[{"href":"https:\/\/tienda.arkenco.net\/index.php?rest_route=%2Fwp%2Fv2%2Fmedia&parent=99"}],"curies":[{"name":"wp","href":"https:\/\/api.w.org\/{rel}","templated":true}]}}